{"id":315,"date":"2025-08-29T13:55:15","date_gmt":"2025-08-29T13:55:15","guid":{"rendered":"https:\/\/dadrauf.ch\/?page_id=315"},"modified":"2025-08-30T09:29:56","modified_gmt":"2025-08-30T09:29:56","slug":"ueber-mich","status":"publish","type":"page","link":"https:\/\/dadrauf.ch\/?page_id=315","title":{"rendered":"\u00dcber mich"},"content":{"rendered":"<p data-start=\"309\" data-end=\"559\">Hallo, ich bin Cl\u00f6\u00f6<br data-start=\"336\" data-end=\"339\" \/>Die Idee f\u00fcr meine Untersetzer ist aus meiner Leidenschaft f\u00fcr <strong data-start=\"402\" data-end=\"438\">Design, Natur und Nachhaltigkeit<\/strong> entstanden. Berge faszinieren mich schon seit jeher \u2013 ihre Formen, ihre Geschichten und die Ruhe, die sie ausstrahlen.<\/p>\n<p data-start=\"561\" data-end=\"836\">Mit meinen Untersetzern m\u00f6chte ich diese Faszination in den Alltag bringen: <strong data-start=\"637\" data-end=\"726\">Minimalistische Motive auf der Vorderseite, Wissen und Geschichten auf der R\u00fcckseite.<\/strong> So wird jedes St\u00fcck nicht nur ein Designobjekt, sondern auch ein kleines St\u00fcck Natur- und Kulturgeschichte.<\/p>\n<p data-start=\"838\" data-end=\"994\">Mir ist wichtig, dass Sch\u00f6nheit nicht auf Kosten der Umwelt entsteht. Darum sind alle Untersetzer <strong data-start=\"936\" data-end=\"992\">fair produziert, \u00f6kologisch und biologisch abbaubar.<\/strong><\/p>\n<p data-start=\"996\" data-end=\"1219\">Was als kleine grafische Arbeit begonnen hat, entwickelt sich nun Schritt f\u00fcr Schritt weiter \u2013 von den ersten 24 Bergen des Berner Oberlands bis hin zu neuen Motiven aus Luzern und vielleicht bald auch Blumen oder B\u00e4umen.<\/p>\n<p data-start=\"996\" data-end=\"1219\">\n<p data-start=\"996\" data-end=\"1219\"><img loading=\"lazy\" decoding=\"async\" class=\"size-medium wp-image-344 alignleft\" src=\"https:\/\/dadrauf.ch\/wp-content\/uploads\/2025\/08\/IMG_7368-200x300.jpeg\" alt=\"\" width=\"200\" height=\"300\" srcset=\"https:\/\/dadrauf.ch\/wp-content\/uploads\/2025\/08\/IMG_7368-200x300.jpeg 200w, https:\/\/dadrauf.ch\/wp-content\/uploads\/2025\/08\/IMG_7368-682x1024.jpeg 682w, https:\/\/dadrauf.ch\/wp-content\/uploads\/2025\/08\/IMG_7368-768x1153.jpeg 768w, https:\/\/dadrauf.ch\/wp-content\/uploads\/2025\/08\/IMG_7368-1023x1536.jpeg 1023w, https:\/\/dadrauf.ch\/wp-content\/uploads\/2025\/08\/IMG_7368-416x624.jpeg 416w, https:\/\/dadrauf.ch\/wp-content\/uploads\/2025\/08\/IMG_7368.jpeg 1066w\" sizes=\"auto, (max-width: 200px) 100vw, 200px\" \/><br \/>\n<img loading=\"lazy\" decoding=\"async\" class=\"size-medium wp-image-339 aligncenter\" src=\"https:\/\/dadrauf.ch\/wp-content\/uploads\/2025\/08\/6f2bca08-40b2-48a0-919c-b0409cb9bed6-225x300.jpeg\" alt=\"\" width=\"225\" height=\"300\" srcset=\"https:\/\/dadrauf.ch\/wp-content\/uploads\/2025\/08\/6f2bca08-40b2-48a0-919c-b0409cb9bed6-225x300.jpeg 225w, https:\/\/dadrauf.ch\/wp-content\/uploads\/2025\/08\/6f2bca08-40b2-48a0-919c-b0409cb9bed6-768x1024.jpeg 768w, https:\/\/dadrauf.ch\/wp-content\/uploads\/2025\/08\/6f2bca08-40b2-48a0-919c-b0409cb9bed6-1152x1536.jpeg 1152w, https:\/\/dadrauf.ch\/wp-content\/uploads\/2025\/08\/6f2bca08-40b2-48a0-919c-b0409cb9bed6-416x555.jpeg 416w, https:\/\/dadrauf.ch\/wp-content\/uploads\/2025\/08\/6f2bca08-40b2-48a0-919c-b0409cb9bed6.jpeg 1368w\" sizes=\"auto, (max-width: 225px) 100vw, 225px\" \/><\/p>\n","protected":false},"excerpt":{"rendered":"<p>Hallo, ich bin Cl\u00f6\u00f6Die Idee f\u00fcr meine Untersetzer ist aus meiner Leidenschaft f\u00fcr Design, Natur und Nachhaltigkeit entstanden. Berge faszinieren mich schon seit jeher \u2013 ihre Formen, ihre Geschichten und die Ruhe, die sie ausstrahlen. Mit meinen Untersetzern m\u00f6chte ich diese Faszination in den Alltag bringen: Minimalistische Motive auf der Vorderseite, Wissen und Geschichten auf [&hellip;]<\/p>\n","protected":false},"author":1,"featured_media":0,"parent":0,"menu_order":0,"comment_status":"closed","ping_status":"closed","template":"","meta":{"footnotes":""},"class_list":["post-315","page","type-page","status-publish","hentry"],"_links":{"self":[{"href":"https:\/\/dadrauf.ch\/index.php?rest_route=\/wp\/v2\/pages\/315","targetHints":{"allow":["GET"]}}],"collection":[{"href":"https:\/\/dadrauf.ch\/index.php?rest_route=\/wp\/v2\/pages"}],"about":[{"href":"https:\/\/dadrauf.ch\/index.php?rest_route=\/wp\/v2\/types\/page"}],"author":[{"embeddable":true,"href":"https:\/\/dadrauf.ch\/index.php?rest_route=\/wp\/v2\/users\/1"}],"replies":[{"embeddable":true,"href":"https:\/\/dadrauf.ch\/index.php?rest_route=%2Fwp%2Fv2%2Fcomments&post=315"}],"version-history":[{"count":4,"href":"https:\/\/dadrauf.ch\/index.php?rest_route=\/wp\/v2\/pages\/315\/revisions"}],"predecessor-version":[{"id":346,"href":"https:\/\/dadrauf.ch\/index.php?rest_route=\/wp\/v2\/pages\/315\/revisions\/346"}],"wp:attachment":[{"href":"https:\/\/dadrauf.ch\/index.php?rest_route=%2Fwp%2Fv2%2Fmedia&parent=315"}],"curies":[{"name":"wp","href":"https:\/\/api.w.org\/{rel}","templated":true}]}}